{"id":173,"date":"2020-03-22T12:34:23","date_gmt":"2020-03-22T11:34:23","guid":{"rendered":"http:\/\/l-etoile-de-mer.com\/?page_id=173"},"modified":"2020-05-22T19:42:04","modified_gmt":"2020-05-22T17:42:04","slug":"portes-cles","status":"publish","type":"page","link":"https:\/\/l-etoile-de-mer.com\/index.php\/portes-cles\/","title":{"rendered":"Portes-cl\u00e9s"},"content":{"rendered":"\n<p class=\"has-text-align-center\">Avec plus d&rsquo;une cinquantaine de mod\u00e8les, vous trouverez donc en magasin le porte-cl\u00e9 qu&rsquo;il vous faut. Nos diff\u00e9rents mod\u00e8les de porte-cl\u00e9s sont propos\u00e9s sous diff\u00e9rentes formes, tailles, couleurs et images. Avec ce choix vous pourrez donc ramener un porte-cl\u00e9s en souvenirs de vos vacances ou un cadeau \u00e0 vos proches. <\/p>\n\n\n\n<p class=\"has-text-align-center\">Disponible \u00e0 L&rsquo;\u00c9toile de Mer \u00e0 La Tranche-sur-Mer!<\/p>\n\n\n\n<div class=\"wp-block-image\"><figure class=\"aligncenter\"><img loading=\"lazy\" width=\"828\" height=\"852\" src=\"http:\/\/l-etoile-de-mer.com\/wp-content\/uploads\/2020\/03\/90744483_978419332553072_3761375466976444416_n.jpg\" alt=\"\" class=\"wp-image-496\" srcset=\"https:\/\/l-etoile-de-mer.com\/wp-content\/uploads\/2020\/03\/90744483_978419332553072_3761375466976444416_n.jpg 828w, https:\/\/l-etoile-de-mer.com\/wp-content\/uploads\/2020\/03\/90744483_978419332553072_3761375466976444416_n-292x300.jpg 292w, https:\/\/l-etoile-de-mer.com\/wp-content\/uploads\/2020\/03\/90744483_978419332553072_3761375466976444416_n-768x790.jpg 768w\" sizes=\"(max-width: 828px) 100vw, 828px\" \/><\/figure><\/div>\n","protected":false},"excerpt":{"rendered":"<p>Avec plus d&rsquo;une cinquantaine de mod\u00e8les, vous trouverez donc en magasin le porte-cl\u00e9 qu&rsquo;il vous faut. Nos diff\u00e9rents mod\u00e8les de porte-cl\u00e9s sont propos\u00e9s sous diff\u00e9rentes formes, tailles, couleurs et images. Avec ce choix vous pourrez donc ramener un porte-cl\u00e9s en souvenirs de vos vacances ou un cadeau \u00e0 vos proches. Disponible \u00e0 L&rsquo;\u00c9toile de Mer \u00e0 La Tranche-sur-Mer!<\/p>\n","protected":false},"author":1,"featured_media":0,"parent":0,"menu_order":0,"comment_status":"closed","ping_status":"closed","template":"","meta":[],"yoast_head":"<!-- This site is optimized with the Yoast SEO plugin v14.5 - https:\/\/yoast.com\/wordpress\/plugins\/seo\/ -->\n<title>L&#039;\u00c9toile de Mer - Votre magasin de souvenirs - Portes cl\u00e9s<\/title>\n<meta name=\"description\" content=\"Avec plus d&#039;une cinquantaine de mod\u00e8les, vous trouverez donc en magasin le porte-cl\u00e9 qu&#039;il vous faut, nous proposons diff\u00e9rents mod\u00e8les.\" \/>\n<meta name=\"robots\" content=\"index, follow\" \/>\n<meta name=\"googlebot\" content=\"index, follow, max-snippet:-1, max-image-preview:large, max-video-preview:-1\" \/>\n<meta name=\"bingbot\" content=\"index, follow, max-snippet:-1, max-image-preview:large, max-video-preview:-1\" \/>\n<link rel=\"canonical\" href=\"http:\/\/l-etoile-de-mer.com\/index.php\/portes-cles\/\" \/>\n<meta property=\"og:locale\" content=\"fr_FR\" \/>\n<meta property=\"og:type\" content=\"article\" \/>\n<meta property=\"og:title\" content=\"L&#039;\u00c9toile de Mer - Votre magasin de souvenirs - Portes cl\u00e9s\" \/>\n<meta property=\"og:description\" content=\"Avec plus d&#039;une cinquantaine de mod\u00e8les, vous trouverez donc en magasin le porte-cl\u00e9 qu&#039;il vous faut, nous proposons diff\u00e9rents mod\u00e8les.\" \/>\n<meta property=\"og:url\" content=\"http:\/\/l-etoile-de-mer.com\/index.php\/portes-cles\/\" \/>\n<meta property=\"article:publisher\" content=\"https:\/\/www.facebook.com\/Etoile-de-mer-1381346558799296\/?__tn__=%2cd%2cP-R&amp;amp%3bamp%3bamp%3bamp%3bamp%3bamp%3bamp%3bamp%3beid=ARDtMrGifVDxNerB2hiHZovBaikL-1lkSjlAYHgm14Uv45olgHYMRTpy7NFqDOXv_YfIi0kxa3KDiyzx\" \/>\n<meta property=\"article:modified_time\" content=\"2020-05-22T17:42:04+00:00\" \/>\n<meta property=\"og:image\" content=\"http:\/\/l-etoile-de-mer.com\/wp-content\/uploads\/2020\/03\/90744483_978419332553072_3761375466976444416_n.jpg\" \/>\n<meta name=\"twitter:card\" content=\"summary_large_image\" \/>\n<script type=\"application\/ld+json\" class=\"yoast-schema-graph\">{\"@context\":\"https:\/\/schema.org\",\"@graph\":[{\"@type\":\"Organization\",\"@id\":\"https:\/\/l-etoile-de-mer.com\/#organization\",\"name\":\"L'\\u00c9toile de Mer\",\"url\":\"https:\/\/l-etoile-de-mer.com\/\",\"sameAs\":[\"https:\/\/www.facebook.com\/Etoile-de-mer-1381346558799296\/?__tn__=,d,P-R&amp;amp;amp;amp;amp;amp;amp;amp;eid=ARDtMrGifVDxNerB2hiHZovBaikL-1lkSjlAYHgm14Uv45olgHYMRTpy7NFqDOXv_YfIi0kxa3KDiyzx\",\"https:\/\/www.instagram.com\/etoiledemer85360\/?hl=fr\"],\"logo\":{\"@type\":\"ImageObject\",\"@id\":\"https:\/\/l-etoile-de-mer.com\/#logo\",\"inLanguage\":\"fr-FR\",\"url\":\"https:\/\/l-etoile-de-mer.com\/wp-content\/uploads\/2020\/03\/etoile-sans-fond.png\",\"width\":800,\"height\":800,\"caption\":\"L'\\u00c9toile de Mer\"},\"image\":{\"@id\":\"https:\/\/l-etoile-de-mer.com\/#logo\"}},{\"@type\":\"WebSite\",\"@id\":\"https:\/\/l-etoile-de-mer.com\/#website\",\"url\":\"https:\/\/l-etoile-de-mer.com\/\",\"name\":\"\",\"description\":\"\",\"publisher\":{\"@id\":\"https:\/\/l-etoile-de-mer.com\/#organization\"},\"potentialAction\":[{\"@type\":\"SearchAction\",\"target\":\"https:\/\/l-etoile-de-mer.com\/?s={search_term_string}\",\"query-input\":\"required name=search_term_string\"}],\"inLanguage\":\"fr-FR\"},{\"@type\":\"ImageObject\",\"@id\":\"http:\/\/l-etoile-de-mer.com\/index.php\/portes-cles\/#primaryimage\",\"inLanguage\":\"fr-FR\",\"url\":\"http:\/\/l-etoile-de-mer.com\/wp-content\/uploads\/2020\/03\/90744483_978419332553072_3761375466976444416_n.jpg\"},{\"@type\":\"WebPage\",\"@id\":\"http:\/\/l-etoile-de-mer.com\/index.php\/portes-cles\/#webpage\",\"url\":\"http:\/\/l-etoile-de-mer.com\/index.php\/portes-cles\/\",\"name\":\"L'\\u00c9toile de Mer - Votre magasin de souvenirs - Portes cl\\u00e9s\",\"isPartOf\":{\"@id\":\"https:\/\/l-etoile-de-mer.com\/#website\"},\"primaryImageOfPage\":{\"@id\":\"http:\/\/l-etoile-de-mer.com\/index.php\/portes-cles\/#primaryimage\"},\"datePublished\":\"2020-03-22T11:34:23+00:00\",\"dateModified\":\"2020-05-22T17:42:04+00:00\",\"description\":\"Avec plus d'une cinquantaine de mod\\u00e8les, vous trouverez donc en magasin le porte-cl\\u00e9 qu'il vous faut, nous proposons diff\\u00e9rents mod\\u00e8les.\",\"inLanguage\":\"fr-FR\",\"potentialAction\":[{\"@type\":\"ReadAction\",\"target\":[\"http:\/\/l-etoile-de-mer.com\/index.php\/portes-cles\/\"]}]}]}<\/script>\n<!-- \/ Yoast SEO plugin. -->","_links":{"self":[{"href":"https:\/\/l-etoile-de-mer.com\/index.php\/wp-json\/wp\/v2\/pages\/173"}],"collection":[{"href":"https:\/\/l-etoile-de-mer.com\/index.php\/wp-json\/wp\/v2\/pages"}],"about":[{"href":"https:\/\/l-etoile-de-mer.com\/index.php\/wp-json\/wp\/v2\/types\/page"}],"author":[{"embeddable":true,"href":"https:\/\/l-etoile-de-mer.com\/index.php\/wp-json\/wp\/v2\/users\/1"}],"replies":[{"embeddable":true,"href":"https:\/\/l-etoile-de-mer.com\/index.php\/wp-json\/wp\/v2\/comments?post=173"}],"version-history":[{"count":8,"href":"https:\/\/l-etoile-de-mer.com\/index.php\/wp-json\/wp\/v2\/pages\/173\/revisions"}],"predecessor-version":[{"id":973,"href":"https:\/\/l-etoile-de-mer.com\/index.php\/wp-json\/wp\/v2\/pages\/173\/revisions\/973"}],"wp:attachment":[{"href":"https:\/\/l-etoile-de-mer.com\/index.php\/wp-json\/wp\/v2\/media?parent=173"}],"curies":[{"name":"wp","href":"https:\/\/api.w.org\/{rel}","templated":true}]}}